, 145374043
List the prime factors of 9801978.
2, 3, 1129, 1447
What are the prime factors of 773775075?
3, 5, 1123, 9187
What are the prime factors of 91347573?
3, 19, 1602589
What are the prime factors of 1002742901?
6779, 147919
List the prime factors of 30266950.
2, 5, 7, 86477
What are the prime factors of 17191442?
2, 23, 16249
What are the prime factors of 79565093?
43, 107, 17293
List the prime factors of 84405712.
2, 157, 33601
What are the prime factors of 305084688?
2, 3, 1223, 5197
List the prime factors of 7011583994.
2, 23, 1787, 85297
What are the prime factors of 116224784?
2, 13, 17, 32869
List the prime factors of 1411251419.
1411251419
List the prime factors of 6273961391.
6273961391
What are the prime factors of 43002870?
2, 3, 5, 23, 62323
List the prime factors of 4449601.
13, 113, 233
List the prime factors of 2476300296.
2, 3, 103179179
What are the prime factors of 187975050?
2, 3, 5, 1253167
List the prime factors of 689606686.
2, 344803343
List the prime factors of 446985162.
2, 3, 13, 636731
What are the prime factors of 591005375?
5, 4728043
List the prime factors of 1151609439.
3, 409, 727, 1291
What are the prime factors of 767258063?
11, 13, 5365441
What are the prime factors of 121181078?
2, 157, 385927
What are the prime factors of 738137369?
79, 9343511
What are the prime factors of 8026123123?
199, 40332277
List the prime factors of 14608327.
14608327
List the prime factors of 668139883.
19, 1850803
List the prime factors of 328074539.
13, 19, 1328237
What are the prime factors of 1283060406?
2, 3, 213843401
List the prime factors of 5668928.
2, 101, 877
What are the prime factors of 37720888?
2, 4715111
List the prime factors of 542344590.
2, 3, 5, 509, 11839
List the prime factors of 8749708921.
23, 380422127
List the prime factors of 724158469.
17, 47, 906331
What are the prime factors of 725470209?
3, 23, 193, 6053
List the prime factors of 5529366932.
2, 1811, 763303
List the prime factors of 6499063914.
2, 3, 7, 41, 821, 4597
List the prime factors of 147247012.
2, 11, 23, 145501
List the prime factors of 168854907.
3, 13, 29, 149297
What are the prime factors of 120434848?
2, 3763589
List the prime factors of 175979586.
2, 3, 1039, 28229
What are the prime factors of 1080540107?
1080540107
What are the prime factors of 31691823?
3, 10563941
List the prime factors of 3569974.
2, 53, 33679
List the prime factors of 39828708.
2, 3, 599, 1847
What are the prime factors of 948354852?
2, 3, 31, 43, 101, 587
List the prime factors of 376370593.
376370593
What are the prime factors of 32754091?
107, 443, 691
List the prime factors of 792361828.
2, 198090457
List the prime factors of 4921639453.
31, 347, 14759
What are the prime factors of 246509486?
2, 17, 426487
List the prime factors of 10914413.
239, 45667
List the prime factors of 44967476.
2, 211, 53279
List the prime factors of 19600586.
2, 1667, 5879
What are the prime factors of 41173517?
7, 11, 48611
List the prime factors of 152383957.
11, 53, 261379
What are the prime factors of 1069982450?
2, 5, 21399649
List the prime factors of 19928747.
41, 97, 5011
What are the prime factors of 8035371484?
2, 7, 286977553
What are the prime factors of 104572801?
104572801
What are the prime factors of 4830542979?
3, 17, 83, 163, 7001
List the prime factors of 208717930.
2, 5, 29, 719717
List the prime factors of 195988477.
19, 439, 23497
What are the prime factors of 83324954?
2, 127, 328051
List the prime factors of 2355353.
7, 11, 13, 181
List the prime factors of 137431072.
2, 23, 186727
What are the prime factors of 451621234?
2, 29, 7786573
What are the prime factors of 1839765650?
2, 5, 47, 16657
List the prime factors of 4317731576.
2, 37, 14586931
What are the prime factors of 142294537?
7, 11, 23, 80347
What are the prime factors of 554755457?
554755457
What are the prime factors of 411602411?
11, 23, 1626887
What are the prime factors of 2120612239?
409, 5184871
What are the prime factors of 1821180192?
2, 3, 13, 233, 6263
What are the prime factors of 8834383?
8834383
What are the prime factors of 34658083?
541, 64063
What are the prime factors of 778138104?
2, 3, 641, 50581
What are the prime factors of 140245405?
5, 61, 67, 6863
List the prime factors of 8531562.
2, 3, 13, 109379
List the prime factors of 696679423.
11, 63334493
List the prime factors of 416774951.
107, 227, 17159
What are the prime factors of 686685592?
2, 85835699
What are the prime factors of 3396895668?
2, 3, 23, 223, 18397
List the prime factors of 87797936.
2, 19, 337, 857
What are the prime factors of 217996301?
217996301
List the prime factors of 357553200.
2, 3, 5, 37, 8053
What are the prime factors of 3119507895?
3, 5, 7, 29709599
What are the prime factors of 328999926?
2, 3, 3011, 18211
What are the prime factors of 1184714311?
11, 41, 2626861
What are the prime factors of 1133878522?
2, 7, 11570189
What are the prime factors of 140396024?
2, 31, 211, 2683
List the prime factors of 4898662307.
7, 11, 101, 629891
List the prime factors of 9214589563.
8971, 1027153
What are the prime factors of 1968444140?
2, 5, 13, 59, 128321
What are the prime factors of 390799911?
3, 29, 4491953
What are the prime factors of 99238508?
2, 24809627
What are the prime factors of 2990730017?
11, 19, 37, 35159
What are the prime factors of 1255038102?
2, 3, 23, 953, 3181
What are the prime factors of 1923250179?
3, 23, 27873191
What are the prime factors of 983610028?
2, 245902507
List the prime factors of 76378851.
3, 8486539
List the prime factors of 285325260.
2, 3, 5, 11, 39301
List the prime factors of 127531141.
4583, 27827
What are the prime factors of 463080766?
2, 231540383
List the prime factors of 1854113554.
2, 283, 3275819
What are the prime factors of 1265732007?
3, 251, 1680919
List the prime factors of 490358952.
2, 3, 6810541
List the prime factors of 53015081.
7, 181, 41843
What are the prime factors of 837537166?
2, 418768583
List the prime factors of 6124141691.
37, 165517343
What are the prime factors of 84111314?
2, 7, 61, 98491
What are the prime factors of 121543505?
5, 24308701
What are the prime factors of 21273169?
21273169
List the prime factors of 1491523526.
2, 17, 2203, 19913
What are the prime factors of 43006093?
13, 3308161
What are the prime factors of 5401253627?
7, 11, 89, 788159
List the prime factors of 182206928.
2, 11387933
List the prime factors of 29781712.
2, 523, 3559
What are the prime factors of 4837336103?
19, 23, 582601
What are the prime factors of 473516745?
3, 5, 13, 2428291
List the prime factors of 1359909612.
2, 3, 31, 1218557
List the prime factors of 786295116.
2, 3, 67, 325993
List the prime factors of 93416580.
2, 3, 5, 518981
What are the prime factors of 435985447?
23, 3511, 5399
List the prime factors of 47656251.
3, 29, 157, 1163
What are the prime factors of 98595840?
2, 3, 5, 7, 131
What are the prime factors of 7235961?
3, 23, 104869
What are the prime factors of 13165594?
2, 13, 19, 29, 919
What are the prime factors of 507161402?
2, 11, 113, 204007
List the prime factors of 1836212126.
2, 7, 17, 7715177
List the prime factors of 2187516521.
2187516521
List the prime factors of 337638339.
3, 37515371
What are the prime factors of 1783436928?
2, 3, 7, 13, 23, 317
List the prime factors of 237091010.
2, 5, 13, 17, 71, 1511
List the prime factors of 325120717.
101, 277, 11621
List the prime factors of 154535685.
3, 5, 10302379
List the prime factors of 90876400.
2, 5, 227191
What are the prime factors of 88896590?
2, 5, 8889659
List the prime factors of 929148835.
5, 29, 6407923
List the prime factors of 21240560.
2, 5, 11, 24137
What are the prime factors of 146205434?
2, 23, 3178379
List the prime factors of 259830027.
3, 599, 48197
What are the prime factors of 86950423?
7, 47, 127, 2081
What are the prime factors of 78241321?
6373, 12277
What are the prime factors of 311888288?
2, 43, 226663
List the prime factors of 1013525552.
2, 13, 4872719
List the prime factors of 478469332.
2, 11, 107, 9239
List the prime factors of 4155196.
2, 163, 6373
List the prime factors of 615876487.
43, 101, 109, 1301
List the prime factors of 37207104.
2, 3, 11, 79, 223
What are the prime factors of 57764554?
2, 28882277
List the prime